566533 is divided by 54.
49
Calculate the remainder when 3241598 is divided by 707.
3
What is the remainder when 778725 is divided by 49?
17
Calculate the remainder when 396348 is divided by 337.
36
What is the remainder when 2452880 is divided by 3640?
3160
What is the remainder when 8175213 is divided by 839?
836
Calculate the remainder when 108732 is divided by 455.
442
Calculate the remainder when 3562821 is divided by 5068.
17
What is the remainder when 50682266 is divided by 28?
26
Calculate the remainder when 1696886 is divided by 339376.
6
What is the remainder when 51085701 is divided by 87?
84
What is the remainder when 7079275 is divided by 639?
433
What is the remainder when 4908264 is divided by 5335?
64
Calculate the remainder when 688332 is divided by 28680.
12
What is the remainder when 920583 is divided by 505?
473
Calculate the remainder when 275208 is divided by 68789.
52
Calculate the remainder when 4999940 is divided by 1249984.
4
Calculate the remainder when 8285065 is divided by 3189.
43
Calculate the remainder when 29153 is divided by 6713.
2301
What is the remainder when 309584 is divided by 38696?
16
What is the remainder when 5876106 is divided by 21290?
66
Calculate the remainder when 63927627 is divided by 29.
27
What is the remainder when 1294767 is divided by 16?
15
Calculate the remainder when 1997529 is divided by 13776.
9
Calculate the remainder when 1190744 is divided by 3117.
50
What is the remainder when 39163 is divided by 356?
3
What is the remainder when 17736 is divided by 3134?
2066
Calculate the remainder when 46978749 is divided by 1258.
1255
Calculate the remainder when 26754410 is divided by 998.
26
What is the remainder when 4774059 is divided by 596757?
3
What is the remainder when 99405 is divided by 409?
18
What is the remainder when 79686731 is divided by 51?
47
What is the remainder when 4128309 is divided by 473?
438
Calculate the remainder when 7480619 is divided by 2109.
2105
Calculate the remainder when 136546 is divided by 1883.
970
Calculate the remainder when 86147 is divided by 13.
9
Calculate the remainder when 163531917 is divided by 6.
3
Calculate the remainder when 6402013 is divided by 7479.
7468
What is the remainder when 1878 is divided by 1849?
29
Calculate the remainder when 9202118 is divided by 2315.
2308
Calculate the remainder when 2944767 is divided by 77490.
147
What is the remainder when 631989042 is divided by 37?
34
What is the remainder when 66271 is divided by 16394?
695
Calculate the remainder when 936948 is divided by 4621.
3506
What is the remainder when 24969954 is divided by 4161657?
12
Calculate the remainder when 148313 is divided by 1808.
57
Calculate the remainder when 67690 is divided by 139.
136
What is the remainder when 184364 is divided by 3011?
693
What is the remainder when 5576588 is divided by 62657?
115
What is the remainder when 20310098 is divided by 883044?
86
Calculate the remainder when 19511521 is divided by 4365.
4336
What is the remainder when 1126959 is divided by 375653?
0
Calculate the remainder when 131494 is divided by 157.
85
Calculate the remainder when 250160 is divided by 187.
141
What is the remainder when 5991719 is divided by 21?
20
Calculate the remainder when 514033673 is divided by 11.
10
What is the remainder when 2371337 is divided by 2252?
2233
What is the remainder when 6399434 is divided by 45066?
62
What is the remainder when 71785 is divided by 5976?
73
Calculate the remainder when 1355001 is divided by 55.
21
Calculate the remainder when 140539 is divided by 1713.
73
What is the remainder when 250902 is divided by 203?
197
Calculate the remainder when 11215662 is divided by 862742.
16
What is the remainder when 12934748 is divided by 6467234?
280
What is the remainder when 390198714 is divided by 1060?
1054
What is the remainder when 720329705 is divided by 829?
828
Calculate the remainder when 158388 is divided by 19727.
572
What is the remainder when 5632777 is divided by 281638?
17
Calculate the remainder when 45655396 is divided by 534.
532
Calculate the remainder when 20403381 is divided by 125.
6
Calculate the remainder when 9300 is divided by 1734.
630
What is the remainder when 7478898 is divided by 2085?
3
Calculate the remainder when 515166 is divided by 3653.
93
Calculate the remainder when 191908 is divided by 31972.
76
Calculate the remainder when 35405 is divided by 42.
41
Calculate the remainder when 299334 is divided by 127.
122
What is the remainder when 345556 is divided by 10?
6
What is the remainder when 9674490 is divided by 804?
762
What is the remainder when 99235 is divided by 49605?
25
Calculate the remainder when 17660513 is divided by 31.
30
Calculate the remainder when 863430655 is divided by 386.
379
Calculate the remainder when 558898 is divided by 4509.
4291
What is the remainder when 208083 is divided by 17293?
567
Calculate the remainder when 229384 is divided by 5734.
24
What is the remainder when 777170380 is divided by 3511?
3508
What is the remainder when 3814490 is divided by 25773?
86
Calculate the remainder when 4631384 is divided by 249.
233
Calculate the remainder when 21348724 is divided by 544.
532
Calculate the remainder when 139422 is divided by 69669.
84
What is the remainder when 1120879 is divided by 32967?
1
Calculate the remainder when 67353968 is divided by 41.
29
What is the remainder when 1794774 is divided by 475?
224
Calculate the remainder when 9750 is divided by 8119.
1631
Calculate the remainder when 278019 is divided by 136563.
4893
Calculate the remainder when 32798859 is divided by 10932876.
231
What is the remainder when 1757673 is divided by 22249?
2
What is the remainder when 198032 is divided by 3088?
400
What is the remainder when 112024645 is divided by 171?
151
What is the remainder when 48777882 is divided by 13?
10
Calculate the remainder when 1147446 is divided by 5974.
438
What is the remainder when 11519 is divided by 11342?
177
What is the remainder when 150271 is divided by 1764?
331
Calculate the remainder when 11118318 is divided by 3706103.
9
Calculate the remainder when 71839 is divided by 71723.
116
What is the remainder when 1090775 is divided by 6?
5
What is the remainder when 8913161 is divided by 178?
167
What is the remainder when 3188962 is divided by 558?
550
What is the remainder when 3268833 is divided by 544704?
609
What is the remainder when 24590 is divided by 24533?
57
Calculate the remainder when 28811717 is divided by 2393.
2390
Calculate the remainder when 11072565 is divided by 46.
43
Calculate the remainder when 251658 is divided by 536.
274
Calculate the remainder when 5486343 is divided by 29028.
51
Calculate the remainder when 935922 is divided by 103985.
57
What is the remainder when 987457 is divided by 141058?
51
What is the remainder when 144019 is divided by 2717?
18
What is the remainder when 23114 is divided by 7571?
401
What is the remainder when 348540 is divided by 38265?
4155
Calculate the remainder when 33396066 is divided by 11132015.
21
Calculate the remainder when 30809 is divided by 137.
121
Calculate the remainder when 104206 is divided by 742.
326
What is the remainder when 285371 is divided by 284819?
552
Calculate the remainder when 1212066215 is divided by 388.
387
What is the remainder when 6095030 is divided by 35231?
67
What is the remainder when 761343 is divided by 16197?
84
What is the remainder when 306945 is divided by 3303?
3069
What is the remainder when 936126547 is divided by 7?
6
Calculate the remainder when 33435856 is divided by 5544.
5536
What is the remainder when 1979560 is divided by 708?
700
What is the remainder when 25375573 is divided by 15?
13
Calculate the remainder when 1094365 is divided by 1295.
90
Calculate the remainder when 1607309 is divided by 123638.
15
What is the remainder when 91172 is divided by 2627?
1854
Calculate the remainder when 1775149 is divided by 7305.
34
Calculate the remainder when 64394005 is divided by 4.
1
What is the remainder when 200465 is divided by 2329?
171
What is the remainder when 1356794 is divided by 229?
198
Calculate the remainder when 1113034 is divided by 12506.
0
What is the remainder when 78134137 is divided by 4?
1
What 